of 733572?
5
What is the ten thousands digit of 889319?
8
What is the hundreds digit of 2342516?
5
What is the hundred thousands digit of 221098?
2
What is the millions digit of 11480851?
1
What is the tens digit of 68325?
2
What is the hundreds digit of 2821981?
9
What is the hundred thousands digit of 457627?
4
What is the ten thousands digit of 65721?
6
What is the hundred thousands digit of 253330?
2
What is the thousands digit of 5286511?
6
What is the ten thousands digit of 2591582?
9
What is the tens digit of 195052?
5
What is the ten thousands digit of 709833?
0
What is the hundred thousands digit of 20586326?
5
What is the hundreds digit of 1203254?
2
What is the units digit of 79080?
0
What is the units digit of 153266?
6
What is the tens digit of 10691697?
9
What is the ten thousands digit of 195138?
9
What is the ten thousands digit of 193616?
9
What is the ten thousands digit of 251783?
5
What is the hundred thousands digit of 104377?
1
What is the ten thousands digit of 658074?
5
What is the hundreds digit of 1827873?
8
What is the ten thousands digit of 81577?
8
What is the hundreds digit of 312201?
2
What is the hundred thousands digit of 25669323?
6
What is the thousands digit of 555428?
5
What is the hundred thousands digit of 328938?
3
What is the units digit of 569385?
5
What is the hundred thousands digit of 4720301?
7
What is the hundred thousands digit of 4416404?
4
What is the units digit of 10005602?
2
What is the tens digit of 1686879?
7
What is the hundreds digit of 1458783?
7
What is the thousands digit of 10425136?
5
What is the units digit of 26974148?
8
What is the ten thousands digit of 55984?
5
What is the hundreds digit of 1030754?
7
What is the units digit of 9067953?
3
What is the millions digit of 6646074?
6
What is the millions digit of 2404737?
2
What is the hundreds digit of 1700654?
6
What is the ten thousands digit of 76201?
7
What is the ten thousands digit of 3492450?
9
What is the tens digit of 568852?
5
What is the hundred thousands digit of 467636?
4
What is the hundreds digit of 286362?
3
What is the hundreds digit of 15081?
0
What is the tens digit of 221708?
0
What is the ten thousands digit of 11806152?
0
What is the hundreds digit of 96149?
1
What is the hundreds digit of 847955?
9
What is the hundred thousands digit of 7283745?
2
What is the hundred thousands digit of 312513?
3
What is the ten thousands digit of 2240682?
4
What is the units digit of 5305490?
0
What is the hundreds digit of 1512533?
5
What is the hundreds digit of 55927?
9
What is the hundreds digit of 517870?
8
What is the units digit of 218940?
0
What is the ten thousands digit of 128279?
2
What is the hundred thousands digit of 1455219?
4
What is the ten thousands digit of 103507?
0
What is the hundreds digit of 36077764?
7
What is the hundreds digit of 643620?
6
What is the ten thousands digit of 4834788?
3
What is the hundred thousands digit of 144712?
1
What is the ten thousands digit of 561292?
6
What is the hundred thousands digit of 212950?
2
What is the hundreds digit of 119071?
0
What is the hundred thousands digit of 348002?
3
What is the hundreds digit of 27638516?
5
What is the units digit of 16473912?
2
What is the tens digit of 4558637?
3
What is the hundreds digit of 68114?
1
What is the thousands digit of 26152045?
2
What is the thousands digit of 358356?
8
What is the tens digit of 464261?
6
What is the hundred thousands digit of 185356?
1
What is the units digit of 149000?
0
What is the ten thousands digit of 106913?
0
What is the hundreds digit of 505231?
2
What is the millions digit of 1368028?
1
What is the units digit of 6446418?
8
What is the thousands digit of 323814?
3
What is the hundreds digit of 298076?
0
What is the ten thousands digit of 216070?
1
What is the thousands digit of 429345?
9
What is the thousands digit of 671449?
1
What is the thousands digit of 525660?
5
What is the tens digit of 431341?
4
What is the ten thousands digit of 232945?
3
What is the ten thousands digit of 60345?
6
What is the ten thousands digit of 223926?
2
What is the hundred thousands digit of 484213?
4
What is the thousands digit of 8663176?
3
What is the thousands digit of 10914221?
4
What is the hundred thousands digit of 741738?
7
What is the thousands digit of 84002?
4
What is the millions digit of 3832443?
3
What is the ten thousands digit of 8644624?
4
What is the units digit of 5085897?
7
What is the tens digit of 7247786?
8
What is the millions digit of 1111879?
1
What is the hundred thousands digit of 374800?
3
What is the hundred thousands digit of 2484193?
4
What is the units digit of 1896164?
4
What is the hundreds digit of 751331?
3
What is the units digit of 331053?
3
What is the tens digit of 725198?
9
What is the hundred thousands digit of 3372876?
3
What is the thousands digit of 87548?
7
What is the hundred thousands digit of 2951439?
9
What is the tens digit of 2083042?
4
What is the hundreds digit of 122639?
6
What is the tens digit of 7663001?
0
What is the units digit of 1370234?
4
What is the ten thousands digit of 1174124?
7
What is the ten thousands digit of 2062929?
6
What is the hundreds digit of 2058233?
2
What is the units digit of 23907759?
9
What is the hundred thousands digit of 362617?
3
What is the hundred thousands digit of 5899213?
8
What is the thousands digit of 304044?
4
What is the thousands digit of 5893886?
3
What is the thousands digit of 3289683?
9
What is the hundred thousands digit of 227057?
2
What is the tens digit of 897319?
1
What is the hundreds digit of 698655?
6
What is the ten thousands digit of 261498?
6
What is the thousands digit of 14207448?
7
What is the tens digit of 2428705?
0
What is the ten thousands digit of 212100?
1
What is the tens digit of 493569?
6
What is the hundreds digit of 6178163?
1
What is the thousands digit of 624857?
4
What is the units digit of 14148111?
1
What is the tens digit of 20452254?
5
What is the units digit of 716434?
4
What is the thousands digit of 2051650?
1
What is the hundred thousands digit of 968535?
9
What is the tens digit of 129896?
9
What is the ten thousands digit of 9897643?
9
What is the thousands digit of 8885313?
5
What is the hundred thousands digit of 449949?
4
What is the ten thousands digit of 2437154?
3
What is the hundreds digit of 341006?
0
What is the tens digit of 249185?
8
What is the tens digit of 122798?
9
What is the units digit of 7836082?
2
What is the ten millions digit of 34399165?
3
What is the tens digit of 99900?
0
What is the millions digit of 2977817?
2
What is the tens digit of 524816?
1
What is the units digit of 1575906?
6
What is the thousands digit of 772084?
2
What is the thousands digit of 195131?
5
What is the ten millions digit of 37185322?
3
What is the thousands digit of 706300?
6
What is the hundreds digit of 10824042?
0
What is the hundred thousands digit of 4481241?
4
What is the hundred thousands digit of 2067908?
0
What is the units digit of 891435?
5
What is the hundreds digit of 106015?
0
What is the hundreds digit of 15692052?
0
What is the millions digit of 9336403?
9
What is the ten thousands digit of 347267?
4
What is the ten thousands digit of 19545743?
4
What is the ten thousands digit of 783799?
8
What is the hundred thousands digit of 699054?
6
What is the thousands digit of 157627?
7
What is the units digit of 863009?
9
What is the ten thousands digit of 1464609?
6
What is the hundred thousands digit of 189903?
1
What is the units digit of 8021324?
4
What is the thousands digit of 223155?
3
What is the units digit of 1910208?
8
What is the units digit of 330569?
9
What is the tens digit of 248839?
3
What is the hundreds digit of 234572?
5
What is the millions digit of 8141487?
8
What is the thousands digit of 59766?
9
What is the ten thousands digit of 3490570?
9
What is the hundred thousands digit of 114228?
1
What is the hundred thousands digit of 258386?
2
What is the hundred thousands digit of 10401536?
4
What is the hundreds digit of 21934482?
4
What is the tens digit of 99277?
7
What is the tens digit of 446724?
2
What is the tens digit of 1130041?
4
What is the tens digit of 321464?
6
What is the thousands digit of 3066?
3
What is the hundreds digit 